+ 18*q**2 - 32*q + 3. Let s be t(16). Suppose 0 = -10*d + 5*d + 4*n + 3539, -5*n - 2126 = -s*d. What is the tens digit of d?
0
Let q = -7256 - -7423. What is the tens digit of q?
6
Suppose -3*q - 21 = 117. Let p(m) = -9*m + 48. Let l be p(8). Let g = l - q. What is the units digit of g?
2
Suppose p = -0*p - 2, 5*p = 4*l + 78. Let h = -16 - l. Suppose h*s = 665 + 145. What is the tens digit of s?
3
Let i be ((-6)/2 - -1)*1. Suppose 124*d = 4*s + 121*d - 351, 4*s - 5*d = 353. Let y = s - i. What is the tens digit of y?
8
Suppose -217358 + 12334 = -33*n + 107552. What is the hundreds digit of n?
4
Suppose -3*s - 37 = -2*g - 70, -4*g - 58 = 2*s. Let u = -21 + 279. Let f = u - g. What is the tens digit of f?
7
Let p(z) = 27*z**2 + 29*z**2 - 54*z**2 - z - 33*z**3. Let u be p(1). Let b = u - -230. What is the hundreds digit of b?
1
Suppose -10*b + 140762 = 14544 - 201972. What is the units digit of b?
9
Suppose -2*b + 5*q = -208, -b = -4*b + 2*q + 334. Let g = b + -50. Suppose -8*h - g = -12*h. What is the tens digit of h?
1
What is the thousands digit of (6/4)/(63/(-7)) - 3612654/(-324)?
1
Suppose 11*q - 9*q + l = 2293, l = -3. What is the hundreds digit of q?
1
Suppose 37*k = -2*k + 38532. What is the tens digit of k?
8
Let j = -869 + -22. Let o = j + 1366. What is the hundreds digit of o?
4
What is the thousands digit of (844260/96 - 4) + 3/(-8)?
8
Suppose -3*w - 83 = 49. Let p = w - -46. What is the units digit of (1 - p)*(-3 + -22 - 0)?
5
Suppose -y = -9*y - 80. Let f be ((-45)/y - 5)*-24. Suppose -2*h - 5*m = -429, 0 = -f*m + 11*m - 5. What is the units digit of h?
7
Suppose 4*n + 2*c - 178382 = 0, 46*n + 4*c = 44*n + 89200. What is the thousands digit of n?
4
Let x(u) = 33 + 196*u + 18 - 232*u. What is the tens digit of x(-6)?
6
Let m be (-9*5/(-90))/((-4)/(-584)). Let r(c) = -c**2 - 18*c - 5. Let f be r(-10). Suppose -l + m + f = 0. What is the hundreds digit of l?
1
Suppose 5*k = 12*o - 7*o - 920, k = -o + 192. Suppose 0 = 2*f - 5*f - 177. Let y = o + f. What is the units digit of y?
9
Suppose 6*o - 27414 + 4439 = -19*o. What is the hundreds digit of o?
9
Let m be (-6)/(1 - (-5)/(-2)). Let o = -1799 + 1796. What is the hundreds digit of 121*3*(-1 - m/o)?
1
Suppose 1389*t - 1361*t = 1154356. What is the units digit of t?
7
Suppose -v - 2*v - 4*a = -17, 3*a - 10 = -5*v. Let i(j) = -13*j**2 + 2*j + 1. Let y be i(v). Let f = y - -242. What is the tens digit of f?
2
What is the hundreds digit of ((-1853989)/642)/(5/(-20) - 1/(-12))?
3
Let q be (-89958)/60 + (-18)/(-60). Let y = q - -2553. What is the hundreds digit of y?
0
Suppose 2*x = -2*d + 1306, -2*d - d + 1969 = -2*x. Let m = d - 260. Suppose -4*b + s = -205, 5*b + 3*s + 143 = m. What is the units digit of b?
1
Suppose -14*g - 31193 = -19*g + 2*u, 4*g = -2*u + 24940. What is the tens digit of g?
3
Suppose 0 = 3*w - 6, -w + 2*w - 5 = 3*l. Let c(x) = 200*x**2 + 4*x + 3. What is the hundreds digit of c(l)?
1
Let r be 0 - (6 - (161 - -6)). Let c = 414 + r. What is the units digit of c?
5
Suppose -2*o - 4*b = -12, 2*o - 2*b + 2 = -4. Let q = o + 3. Suppose -q*j + 117 = 63. What is the tens digit of j?
1
Let p(r) = -4*r**3 - 72*r**2 - 8*r + 27. What is the thousands digit of p(-22)?
7
Let w(v) = 249*v**2 + 85*v + 265. What is the tens digit of w(-3)?
5
Suppose 2*d + 6506 = 3*z, -4*z + 26*d - 22*d + 8672 = 0. What is the units digit of z?
0
Let y(b) be the third derivative of b**5/30 - 3*b**4/2 - 17*b**3/6 + 105*b**2. What is the units digit of y(22)?
9
Suppose -c - 6*c = -98. Suppose 2*m = -5*m - c. What is the tens digit of -1 + 34 + -3 + 3 + m?
3
Let n(g) = 735*g**2 + 16*g - 22. What is the thousands digit of n(3)?
6
Let c = 126 + -118. Suppose 0*y - c*y = -6384. What is the hundreds digit of y?
7
Suppose 0 = -5*l - 15, 3*l - 42 = 5*z + 7*l. Suppose 4*x = -w + 105, x + 2*w = -3*w + 12. Let q = x + z. What is the units digit of q?
1
Let d = 53 + -49. Let h(i) = -2*i**3 + 3*i**2 + 7*i - 5. Let u be h(d). What is the tens digit of (-2)/(5 - 3)*(u + -2)?
5
Let g(r) = 285*r**2 - 67*r - 564. What is the units digit of g(-8)?
2
Let d be ((3012/(-2))/(-6) - 2)*1. Suppose 16 = 5*p - 9. What is the units digit of p/15*d/1?
3
What is the units digit of 2*33/(-88) - (-92409)/12?
0
Let t be ((-6)/5)/(6*(-8)/120). Suppose 0 = 2*d + 6, -586 + 35 = -2*n + t*d. What is the units digit of n?
1
Let s(t) = 33*t - 6. Let f be s(2). Let p be ((-6)/(-5))/(18/f). Suppose 58 = p*y - 14. What is the tens digit of y?
1
Suppose 85*k = 83*k + 2604. Let d = -770 + k. What is the tens digit of d?
3
Let n(v) = -v**2 + 9*v - 8. Let j be n(5). Let u be (-112)/j - 2/3. Let t(q) = q**3 + 11*q**2 + 9*q + 13. What is the tens digit of t(u)?
2
Let m = -4567 + 7470. What is the tens digit of m?
0
Suppose -5*l = 3*o + 2875, 2*o + 4*l - 5*l = -1934. Let f = 618 - o. What is the thousands digit of f?
1
Suppose 37*j - 34*j - 5*y = 92014, -2*y + 14 = 0. What is the thousands digit of j?
0
Let y be (-44)/(-374) - 78374/34. What is the units digit of -3 + 4*(y/(-10) + 1)?
3
Let m = -169 + 388. Let w = m + -366. Let i = -53 - w. What is the units digit of i?
4
Let u = 76 + -72. Suppose 3*l - 4*q + 0*q = -74, -5*l - u*q = 70. What is the units digit of -1 - l/12 - 22/(-4)?
6
Suppose 2*q + d - 104 = 0, 0*q + d = 2*q - 104. Suppose 321 = -55*w + q*w. Let k = w + 120. What is the tens digit of k?
1
Let l be 264 + 28 - 8/2. Let c = 451 + l. What is the units digit of c?
9
Let x = -50 - -68. Let o(d) = -6 + x*d - 3 + 9*d**2 - 36*d + d**3 + 9*d. What is the tens digit of o(-8)?
2
Let u = 129 - 161. What is the hundreds digit of 3*u/(-56)*336?
5
Let h = 4825 + -2672. What is the hundreds digit of h?
1
Suppose -l - 3*a = -1709, -23*a = 5*l - 22*a - 8545. What is the tens digit of l?
0
Suppose 3*n - y + 7 = -5, n = -4*y - 4. Let m(b) = -330*b + 320. What is the hundreds digit of m(n)?
6
Let x(s) = s**3 - 15*s**2 + 12*s + 13. Let l be x(16). Let t = 88 + l. What is the hundreds digit of t?
5
Suppose -3*j - 4*s + 6915 - 1044 = 0, -j - 4*s = -1949. Let t = j + -1350. What is the hundreds digit of t?
6
Suppose 2*l - 2*y - 1139 - 2721 = 0, 0 = -3*l + 4*y + 5791. Suppose 4*t - l + 196 = -k, -3472 = -2*k - 5*t. What is the units digit of k?
1
Let a = 135 - 131. Suppose 1925 = 5*w - 3*d + 5*d, 3*d - 1540 = -a*w. What is the tens digit of w?
8
Suppose 4*y - 2*z = 2*z + 12, 4*y + z = 17. Suppose -4*c + 1272 = j, -y*j + 2998 = 4*c - 2042. What is the units digit of j?
6
Let q(h) = h**3 + 22*h**2 - 2*h - 50. Let v be q(-22). Let u(b) = -5*b**3 + 3*b**2 + 33*b - 7. What is the tens digit of u(v)?
8
Let l = 165581 + -79430. What is the hundreds digit of l?
1
Let k = -2432 + 8983. What is the hundreds digit of k?
5
Let m(u) = u**2 + 3*u + 3. Let n be m(-3). Suppose -k + 570 = -3*c, -k + 564 = n*c - 0*c. What is the hundreds digit of k?
5
Let n be ((-1260)/16)/1 - (-2)/(-8). Let m = n + 219. What is the hundreds digit of m?
1
Let t = -2139 + 1981. Let c(w) = -69*w**2 + 2*w - 2. Let h be c(2). Let i = t - h. What is the hundreds digit of i?
1
What is the ten thousands digit of (-252)/(-504)*(-38882)/(-1)?
1
What is the hundreds digit of 25753 + 294 - (1 + (-4 - -1))?
0
Let i(r) = -2*r**2 + 25*r + 13. Let w be i(13). Let f be (-6)/(-12)*(0 + w). Suppose -4*a = 6*p - 2*p - 340, f = 4*p - a - 365. What is the units digit of p?
0
Let h(d) be the second derivative of 5*d**4/12 + 31*d**3/6 + 29*d**2/2 + 8*d - 3. What is the thousands digit of h(13)?
1
Let c be 6*3/9*-2. What is the thousands digit of c/18 - (-488356)/396?
1
Suppose -8858 = f + 2*o - 58270, 5*f - 247108 = -2*o. What is the units digit of f?
4
Suppose 0 = -6*m + 2*m + 7*m. Suppose 0 = -2*i - w, -4*i - 4*w + 2 - 10 = m. Let x(u) = 6*u - 3. What is the units digit of x(i)?
9
Suppose 34*v = 39*v + 4*j - 155277, 0 = -5*v + 4*j + 155253. What is the tens digit of v?
5
Suppose 61811 = 4*p - 3*b, 26028 = -3*p + 5*b + 72389. What is the thousands digit of p?
5
Suppose s + 4*z = 2, 2*s + 0*s + 4*z - 4 = 0. Let h(b) = 11*b**3 - 9*b + 6. Let l be h(4). What is the units digit of ((-3)/(-3))/(l/(-338) + s)?
9
Let j be 1/(-5) + (-10201)/(-5). Suppose -3*t - 3060 = -3*h - 4*t, 0 = -2*h - 2*t + j. Suppose -6*q = 294 - h. What is the units digit of q?
1
Suppose -f = -3*d - 36 - 78, -2*f - 123 = 3*d. Let t = -31 - d. What